{"id":554,"date":"2026-04-15T14:33:49","date_gmt":"2026-04-15T12:33:49","guid":{"rendered":"https:\/\/rachelexposito.com\/?page_id=554"},"modified":"2026-04-15T15:32:00","modified_gmt":"2026-04-15T13:32:00","slug":"location-despaces","status":"publish","type":"page","link":"https:\/\/rachelexposito.com\/?page_id=554","title":{"rendered":"Location d&rsquo;espaces"},"content":{"rendered":"\n<p><\/p>\n\n\n\n<div class=\"wp-block-uagb-container uagb-block-451da694 alignfull uagb-is-root-container\"><div class=\"uagb-container-inner-blocks-wrap\">\n<div class=\"wp-block-uagb-container uagb-block-82e9ba89\">\n<p class=\"has-text-align-center has-medium-font-size\"><strong>La salle<\/strong><\/p>\n<\/div>\n\n\n\n<div class=\"wp-block-uagb-container uagb-block-33d90280\">\n<p class=\"has-text-align-center has-medium-font-size\"><strong>Le bureau<\/strong><\/p>\n<\/div>\n\n\n\n<div class=\"wp-block-uagb-container uagb-block-c0388f84\">\n<div class=\"wp-block-uagb-image uagb-block-9bad2425 wp-block-uagb-image--layout-default wp-block-uagb-image--effect-static wp-block-uagb-image--align-none\"><figure class=\"wp-block-uagb-image__figure\"><img decoding=\"async\" srcset=\"https:\/\/rachelexposito.com\/wp-content\/uploads\/2026\/04\/Salle-1.png ,https:\/\/rachelexposito.com\/wp-content\/uploads\/2026\/04\/Salle-1.png 780w, https:\/\/rachelexposito.com\/wp-content\/uploads\/2026\/04\/Salle-1.png 360w\" sizes=\"(max-width: 480px) 150px\" src=\"https:\/\/rachelexposito.com\/wp-content\/uploads\/2026\/04\/Salle-1.png\" alt=\"\" class=\"uag-image-577\" width=\"500\" height=\"500\" title=\"Salle\" loading=\"lazy\" role=\"img\"\/><\/figure><\/div>\n\n\n\n<p>Un lieu lumineux, confortable et soign\u00e9, pens\u00e9 pour offrir un cadre de qualit\u00e9 \u00e0 vos accompagnements comme \u00e0 l&rsquo;\u00e9coute<\/p>\n<\/div>\n\n\n\n<div class=\"wp-block-uagb-container uagb-block-3901a239\">\n<div class=\"wp-block-uagb-image uagb-block-04fc333d wp-block-uagb-image--layout-default wp-block-uagb-image--effect-static wp-block-uagb-image--align-none\"><figure class=\"wp-block-uagb-image__figure\"><img decoding=\"async\" srcset=\"https:\/\/rachelexposito.com\/wp-content\/uploads\/2026\/04\/Bureau-1.png ,https:\/\/rachelexposito.com\/wp-content\/uploads\/2026\/04\/Bureau-1.png 780w, https:\/\/rachelexposito.com\/wp-content\/uploads\/2026\/04\/Bureau-1.png 360w\" sizes=\"(max-width: 480px) 150px\" src=\"https:\/\/rachelexposito.com\/wp-content\/uploads\/2026\/04\/Bureau-1.png\" alt=\"\" class=\"uag-image-578\" width=\"500\" height=\"500\" title=\"Bureau\" loading=\"lazy\" role=\"img\"\/><\/figure><\/div>\n\n\n\n<p>Le bureau<\/p>\n<\/div>\n<\/div><\/div>\n\n\n\n<div class=\"wp-block-uagb-buttons uagb-buttons__outer-wrap uagb-btn__default-btn uagb-btn-tablet__default-btn uagb-btn-mobile__default-btn uagb-block-66e62135\"><div class=\"uagb-buttons__wrap uagb-buttons-layout-wrap \"><\/div><\/div>\n\n\n\n<p>Associations, formateurs, intervenants, vous souhaitez organiser une activit\u00e9 au Centre Amargia ou d\u00e9couvrir les espaces ? <\/p>\n\n\n\n<p>Contactez-moi pour \u00e9changer sur votre projet, vos besoins, et les disponibilit\u00e9s.<\/p>\n\n\n\n<div class=\"guten-element guten-spacer guten-use3my\"><\/div>\n\n\n\n<ul class=\"wp-block-list\">\n<li>Un lieu lumineux esth\u00e9tique et chaleureux<\/li>\n\n\n\n<li>Ambiance calme et qualitative<\/li>\n\n\n\n<li>A l&rsquo;entr\u00e9e de St Jean de Luz<\/li>\n\n\n\n<li>Parking gratuit<\/li>\n\n\n\n<li>En location \u00e0 l&rsquo;heure, demi-journ\u00e9e ou journ\u00e9e<\/li>\n\n\n\n<li>Ponctuel ou r\u00e9gulier<\/li>\n\n\n\n<li>Kitchenette \/ espace <\/li>\n\n\n\n<li>Table de massage disponible<\/li>\n<\/ul>\n\n\n\n<p>Contact Rachel Exposito &#8211; Centreamargia@gmail.com &#8211; 06 62 36 26 26<\/p>\n","protected":false},"excerpt":{"rendered":"<p>La salle Le bureau Un lieu lumineux, confortable et soign\u00e9, pens\u00e9 pour offrir un cadre de qualit\u00e9 \u00e0 vos accompagnements comme \u00e0 l&rsquo;\u00e9coute Le bureau Associations, formateurs, intervenants, vous souhaitez organiser une activit\u00e9 au Centre Amargia ou d\u00e9couvrir les espaces ? Contactez-moi pour \u00e9changer sur votre projet, vos besoins, et les disponibilit\u00e9s. Contact Rachel Exposito &hellip; <\/p>\n<p class=\"link-more\"><a href=\"https:\/\/rachelexposito.com\/?page_id=554\" class=\"more-link\">Lire la suite de<span class=\"screen-reader-text\">\u00ab\u00a0Location d&rsquo;espaces\u00a0\u00bb<\/span><\/a><\/p>\n","protected":false},"author":1,"featured_media":0,"parent":0,"menu_order":0,"comment_status":"closed","ping_status":"closed","template":"","meta":{"_uag_custom_page_level_css":"","footnotes":""},"class_list":["post-554","page","type-page","status-publish","hentry"],"yoast_head":"<!-- This site is optimized with the Yoast SEO plugin v23.4 - https:\/\/yoast.com\/wordpress\/plugins\/seo\/ -->\n<title>Location d&#039;espaces - Centre Amargia<\/title>\n<meta name=\"robots\" content=\"index, follow, max-snippet:-1, max-image-preview:large, max-video-preview:-1\" \/>\n<link rel=\"canonical\" href=\"https:\/\/rachelexposito.com\/?page_id=554\" \/>\n<meta property=\"og:locale\" content=\"fr_FR\" \/>\n<meta property=\"og:type\" content=\"article\" \/>\n<meta property=\"og:title\" content=\"Location d&#039;espaces - Centre Amargia\" \/>\n<meta property=\"og:description\" content=\"La salle Le bureau Un lieu lumineux, confortable et soign\u00e9, pens\u00e9 pour offrir un cadre de qualit\u00e9 \u00e0 vos accompagnements comme \u00e0 l&rsquo;\u00e9coute Le bureau Associations, formateurs, intervenants, vous souhaitez organiser une activit\u00e9 au Centre Amargia ou d\u00e9couvrir les espaces ? Contactez-moi pour \u00e9changer sur votre projet, vos besoins, et les disponibilit\u00e9s. Contact Rachel Exposito &hellip; Lire la suite de\u00ab\u00a0Location d&rsquo;espaces\u00a0\u00bb\" \/>\n<meta property=\"og:url\" content=\"https:\/\/rachelexposito.com\/?page_id=554\" \/>\n<meta property=\"og:site_name\" content=\"Centre Amargia\" \/>\n<meta property=\"article:modified_time\" content=\"2026-04-15T13:32:00+00:00\" \/>\n<meta property=\"og:image\" content=\"https:\/\/rachelexposito.com\/wp-content\/uploads\/2026\/04\/Salle-1.png\" \/>\n<meta name=\"twitter:card\" content=\"summary_large_image\" \/>\n<meta name=\"twitter:label1\" content=\"Dur\u00e9e de lecture estim\u00e9e\" \/>\n\t<meta name=\"twitter:data1\" content=\"1 minute\" \/>\n<script type=\"application\/ld+json\" class=\"yoast-schema-graph\">{\"@context\":\"https:\/\/schema.org\",\"@graph\":[{\"@type\":\"WebPage\",\"@id\":\"https:\/\/rachelexposito.com\/?page_id=554\",\"url\":\"https:\/\/rachelexposito.com\/?page_id=554\",\"name\":\"Location d'espaces - Centre Amargia\",\"isPartOf\":{\"@id\":\"https:\/\/rachelexposito.com\/#website\"},\"primaryImageOfPage\":{\"@id\":\"https:\/\/rachelexposito.com\/?page_id=554#primaryimage\"},\"image\":{\"@id\":\"https:\/\/rachelexposito.com\/?page_id=554#primaryimage\"},\"thumbnailUrl\":\"https:\/\/rachelexposito.com\/wp-content\/uploads\/2026\/04\/Salle-1.png\",\"datePublished\":\"2026-04-15T12:33:49+00:00\",\"dateModified\":\"2026-04-15T13:32:00+00:00\",\"breadcrumb\":{\"@id\":\"https:\/\/rachelexposito.com\/?page_id=554#breadcrumb\"},\"inLanguage\":\"fr-FR\",\"potentialAction\":[{\"@type\":\"ReadAction\",\"target\":[\"https:\/\/rachelexposito.com\/?page_id=554\"]}]},{\"@type\":\"ImageObject\",\"inLanguage\":\"fr-FR\",\"@id\":\"https:\/\/rachelexposito.com\/?page_id=554#primaryimage\",\"url\":\"https:\/\/rachelexposito.com\/wp-content\/uploads\/2026\/04\/Salle-1.png\",\"contentUrl\":\"https:\/\/rachelexposito.com\/wp-content\/uploads\/2026\/04\/Salle-1.png\",\"width\":800,\"height\":500},{\"@type\":\"BreadcrumbList\",\"@id\":\"https:\/\/rachelexposito.com\/?page_id=554#breadcrumb\",\"itemListElement\":[{\"@type\":\"ListItem\",\"position\":1,\"name\":\"Accueil\",\"item\":\"https:\/\/rachelexposito.com\/\"},{\"@type\":\"ListItem\",\"position\":2,\"name\":\"Location d&rsquo;espaces\"}]},{\"@type\":\"WebSite\",\"@id\":\"https:\/\/rachelexposito.com\/#website\",\"url\":\"https:\/\/rachelexposito.com\/\",\"name\":\"Centre Amargia\",\"description\":\"Centre Amargia\",\"potentialAction\":[{\"@type\":\"SearchAction\",\"target\":{\"@type\":\"EntryPoint\",\"urlTemplate\":\"https:\/\/rachelexposito.com\/?s={search_term_string}\"},\"query-input\":{\"@type\":\"PropertyValueSpecification\",\"valueRequired\":true,\"valueName\":\"search_term_string\"}}],\"inLanguage\":\"fr-FR\"}]}<\/script>\n<!-- \/ Yoast SEO plugin. -->","yoast_head_json":{"title":"Location d'espaces - Centre Amargia","robots":{"index":"index","follow":"follow","max-snippet":"max-snippet:-1","max-image-preview":"max-image-preview:large","max-video-preview":"max-video-preview:-1"},"canonical":"https:\/\/rachelexposito.com\/?page_id=554","og_locale":"fr_FR","og_type":"article","og_title":"Location d'espaces - Centre Amargia","og_description":"La salle Le bureau Un lieu lumineux, confortable et soign\u00e9, pens\u00e9 pour offrir un cadre de qualit\u00e9 \u00e0 vos accompagnements comme \u00e0 l&rsquo;\u00e9coute Le bureau Associations, formateurs, intervenants, vous souhaitez organiser une activit\u00e9 au Centre Amargia ou d\u00e9couvrir les espaces ? Contactez-moi pour \u00e9changer sur votre projet, vos besoins, et les disponibilit\u00e9s. Contact Rachel Exposito &hellip; Lire la suite de\u00ab\u00a0Location d&rsquo;espaces\u00a0\u00bb","og_url":"https:\/\/rachelexposito.com\/?page_id=554","og_site_name":"Centre Amargia","article_modified_time":"2026-04-15T13:32:00+00:00","og_image":[{"url":"https:\/\/rachelexposito.com\/wp-content\/uploads\/2026\/04\/Salle-1.png"}],"twitter_card":"summary_large_image","twitter_misc":{"Dur\u00e9e de lecture estim\u00e9e":"1 minute"},"schema":{"@context":"https:\/\/schema.org","@graph":[{"@type":"WebPage","@id":"https:\/\/rachelexposito.com\/?page_id=554","url":"https:\/\/rachelexposito.com\/?page_id=554","name":"Location d'espaces - Centre Amargia","isPartOf":{"@id":"https:\/\/rachelexposito.com\/#website"},"primaryImageOfPage":{"@id":"https:\/\/rachelexposito.com\/?page_id=554#primaryimage"},"image":{"@id":"https:\/\/rachelexposito.com\/?page_id=554#primaryimage"},"thumbnailUrl":"https:\/\/rachelexposito.com\/wp-content\/uploads\/2026\/04\/Salle-1.png","datePublished":"2026-04-15T12:33:49+00:00","dateModified":"2026-04-15T13:32:00+00:00","breadcrumb":{"@id":"https:\/\/rachelexposito.com\/?page_id=554#breadcrumb"},"inLanguage":"fr-FR","potentialAction":[{"@type":"ReadAction","target":["https:\/\/rachelexposito.com\/?page_id=554"]}]},{"@type":"ImageObject","inLanguage":"fr-FR","@id":"https:\/\/rachelexposito.com\/?page_id=554#primaryimage","url":"https:\/\/rachelexposito.com\/wp-content\/uploads\/2026\/04\/Salle-1.png","contentUrl":"https:\/\/rachelexposito.com\/wp-content\/uploads\/2026\/04\/Salle-1.png","width":800,"height":500},{"@type":"BreadcrumbList","@id":"https:\/\/rachelexposito.com\/?page_id=554#breadcrumb","itemListElement":[{"@type":"ListItem","position":1,"name":"Accueil","item":"https:\/\/rachelexposito.com\/"},{"@type":"ListItem","position":2,"name":"Location d&rsquo;espaces"}]},{"@type":"WebSite","@id":"https:\/\/rachelexposito.com\/#website","url":"https:\/\/rachelexposito.com\/","name":"Centre Amargia","description":"Centre Amargia","potentialAction":[{"@type":"SearchAction","target":{"@type":"EntryPoint","urlTemplate":"https:\/\/rachelexposito.com\/?s={search_term_string}"},"query-input":{"@type":"PropertyValueSpecification","valueRequired":true,"valueName":"search_term_string"}}],"inLanguage":"fr-FR"}]}},"uagb_featured_image_src":{"full":false,"thumbnail":false,"medium":false,"medium_large":false,"large":false,"1536x1536":false,"2048x2048":false,"inspiro-featured-image":false,"inspiro-loop":false,"inspiro-loop@2x":false},"uagb_author_info":{"display_name":"rachel.ange","author_link":"https:\/\/rachelexposito.com\/?author=1"},"uagb_comment_info":0,"uagb_excerpt":"La salle Le bureau Un lieu lumineux, confortable et soign\u00e9, pens\u00e9 pour offrir un cadre de qualit\u00e9 \u00e0 vos accompagnements comme \u00e0 l&rsquo;\u00e9coute Le bureau Associations, formateurs, intervenants, vous souhaitez organiser une activit\u00e9 au Centre Amargia ou d\u00e9couvrir les espaces ? Contactez-moi pour \u00e9changer sur votre projet, vos besoins, et les disponibilit\u00e9s. Contact Rachel Exposito\u2026","_links":{"self":[{"href":"https:\/\/rachelexposito.com\/index.php?rest_route=\/wp\/v2\/pages\/554"}],"collection":[{"href":"https:\/\/rachelexposito.com\/index.php?rest_route=\/wp\/v2\/pages"}],"about":[{"href":"https:\/\/rachelexposito.com\/index.php?rest_route=\/wp\/v2\/types\/page"}],"author":[{"embeddable":true,"href":"https:\/\/rachelexposito.com\/index.php?rest_route=\/wp\/v2\/users\/1"}],"replies":[{"embeddable":true,"href":"https:\/\/rachelexposito.com\/index.php?rest_route=%2Fwp%2Fv2%2Fcomments&post=554"}],"version-history":[{"count":18,"href":"https:\/\/rachelexposito.com\/index.php?rest_route=\/wp\/v2\/pages\/554\/revisions"}],"predecessor-version":[{"id":594,"href":"https:\/\/rachelexposito.com\/index.php?rest_route=\/wp\/v2\/pages\/554\/revisions\/594"}],"wp:attachment":[{"href":"https:\/\/rachelexposito.com\/index.php?rest_route=%2Fwp%2Fv2%2Fmedia&parent=554"}],"curies":[{"name":"wp","href":"https:\/\/api.w.org\/{rel}","templated":true}]}}